- -2)*(-21)/o is divided by (-145)/(-13) - (-2)/(-13).
10
Suppose 2*d - 6*d = 2*q + 116, -120 = 2*q + 2*d. What is the remainder when 21/(0 - -1)*1 is divided by q/(-10) + (-4)/20?
3
What is the remainder when 6/4 + 89/2 is divided by 8?
6
Let n(q) = -2*q**3 + 16*q**2 + 9*q - 19. Let h(c) = c**3 - 8*c**2 - 4*c + 10. Let f(r) = 11*h(r) + 6*n(r). What is the remainder when 7 is divided by f(9)?
2
Let h(y) = y**2 + 8*y - 4. Let o be h(-9). Suppose 2*s = s + o. Suppose -f = -v + f + 10, s*v - f - 23 = 0. What is the remainder when 7 is divided by v?
3
Let z(k) = -k**3 + 6*k**2 - 4*k + 3. Let u = 14 - -6. Suppose 2*m = m + 2*i + 23, 0 = m + i - u. What is the remainder when m is divided by z(2)?
10
Suppose -16*p = -11*p - 125. Let b be (-2 + 5/3)*-39. Suppose 0*d - d + b = 0. What is the remainder when p is divided by d?
12
Let t = 3 - -1. Suppose 0 = -t*l - 8, l - 6*l = 5*c - 10. Let z(q) = 2*q - 6. What is the remainder when 2 is divided by z(c)?
0
What is the remainder when (-3100)/(-70) - 2/7 is divided by 23?
21
Suppose -4*r - 6*r = -140. Calculate the remainder when r is divided by 4.
2
Suppose 0 = g + g - 6. What is the remainder when 5 is divided by g*-2*(-4)/8?
2
Suppose 0*s + 75 = 5*s. Calculate the remainder when s is divided by -3*(78/(-65))/((-4)/(-10)).
6
Suppose -j = -4*u + 36, 3*u = -2*j + j + 27. What is the remainder when u is divided by 3?
0
Let b(i) = 2*i**2 - 8*i. What is the remainder when 93 is divided by b(6)?
21
Suppose -a + 3 = 2*a. Suppose -4 = -c - a. What is the remainder when 7 is divided by c?
1
Let w(z) = -z**2 - 3*z + 3. Let n be w(-3). Suppose 0 = -y + n*y - 24. Calculate the remainder when 23 is divided by y.
11
Calculate the remainder when 41 is divided by 164/12 + (-3)/(-9).
13
Suppose -2*z + 55 = 3*z. Calculate the remainder when z is divided by (-5 + 11)/((-3)/(-2)).
3
Let h = 18 + -10. Suppose -4*d - 2*b + 6*b + 120 = 0, 5*b = 20. Suppose -l - 19 = -2*w + 2*l, 2*l = -2*w + d. Calculate the remainder when w is divided by h.
6
Suppose 2*l + 0*l = 0. Suppose 2*z - 9 + 3 = d, -d - 5*z + 15 = l. Suppose d = 2*x - x - 4. What is the remainder when 10 is divided by x?
2
Let q(g) = g**2 + 2*g + 1. Let r be q(-3). Let k = r - 4. Let w = k - -4. Calculate the remainder when 6 is divided by w.
2
Let r(i) = -i**2 - 6*i + 21. Calculate the remainder when 94 is divided by r(-7).
10
Let r = -7 - -59. Calculate the remainder when r is divided by 27.
25
What is the remainder when 84/8 - 9/18 is divided by 3?
1
Let q = -71 - -123. What is the remainder when (q/(-5))/((-4)/10) is divided by 9?
8
Suppose 0 = 3*o - 9, -2*u - u = 2*o + 3. Let n(f) = -f**3 + 2*f**2 - f - 4. What is the remainder when n(u) is divided by 15?
14
Suppose 8*z = 7*z - 27. Calculate the remainder when 40 is divided by z/(-2) - 2/(-4).
12
Let m = -3 - -8. Suppose -m*b = -2*k + 20, 5*k + 0*b - 15 = -5*b. Suppose 61 = k*w + 1. What is the remainder when 22 is divided by w?
10
Suppose 6*g - g = -z + 38, 52 = 2*z + 4*g. Suppose 0 = -2*s - c + z + 17, -55 = -3*s + c. Calculate the remainder when s is divided by 5.
3
Let h = 217 - 148. Suppose h = 10*t - 7*t. What is the remainder when t is divided by 8?
7
Let p(o) = -o**2 + 6*o - 2. Let d(k) = k + 5. Let m be d(5). Let g be m/(-4)*4/(-2). What is the remainder when 8 is divided by p(g)?
2
Suppose -y + 182 = 2*r, y = -2*r + 4*y + 182. Calculate the remainder when r is divided by 31.
29
Suppose -5*w + 705 = 10*w. Calculate the remainder when 180 is divided by w.
39
Let m = 11 - -17. Suppose -2*p = -2*y + 2*p + m, -43 = -5*y + p. What is the remainder when 14 is divided by y?
6
Let p(a) = 8*a + 4. Let v be p(-8). Let l be v/25 - (-4)/10. What is the remainder when -1 - (-28 + (-2 - l)) is divided by 10?
7
Suppose 94 = 5*n - h - h, 3*n - 5*h = 45. Suppose -5*v = -3*v - n. What is the remainder when v is divided by 6?
4
Let f be -3 + 40 + 1 + 0. Suppose -2*w = -f - 82. Suppose 0*x = 5*x - w. Calculate the remainder when 35 is divided by x.
11
Let r(t) = -t**2 - t - 114. Let h be r(0). Let l = -61 - h. Let k(i) = i**2 + 3*i + 4. Calculate the remainder when l is divided by k(-5).
11
Let p(t) = 0 + 3*t + 5*t - 1 - t**2. What is the remainder when 40 is divided by p(5)?
12
What is the remainder when (-2)/(-11) - 18105/(-187) is divided by 20?
17
Let t(f) = 46*f + 3 - 1 + 2*f**2 - 49*f. What is the remainder when 31 is divided by t(3)?
9
Suppose -32 = -4*k + 32. Calculate the remainder when k is divided by 9.
7
Let f = -7 + 5. What is the remainder when (-51)/f*16/12 is divided by (6/9)/(1/27)?
16
Let c be (5/(-2))/((-1)/2). Let z = 39 - c. Calculate the remainder when z is divided by 7.
6
Suppose 0 = 4*d - 8, -d - 51 + 152 = b. What is the remainder when b is divided by 50?
49
Let b = -11 - -60. Let h = -35 + b. Calculate the remainder when -12*(2 + 32/(-6)) is divided by h.
12
Suppose 2*n + 0*n = -4*p + 10, -p + 3 = 0. Let s(g) = 19*g**2 - g - 1. What is the remainder when s(n) is divided by 11?
8
Suppose -20 - 25 = -3*x. What is the remainder when 73 is divided by x?
13
Suppose -12 = 2*r - 2. Let k(i) = 3*i**2 - 10. What is the remainder when k(r) is divided by 22?
21
Suppose 0*y + 106 = 4*n - y, 4*n - 114 = 5*y. What is the remainder when n is divided by 14?
12
Let x(y) = 0*y**2 + 0*y**2 - 4*y**2 - 1. Let i be x(-2). Let s = 27 + i. What is the remainder when 19 is divided by s?
9
Suppose -71 = -3*g + 5*k, -k - 25 = 3*g - 4*g. Suppose -5*y - 5*d + 102 = -3*y, 0 = 4*y + 4*d - 204. Calculate the remainder when y is divided by g.
24
Let q be (10/4)/(1/10). Let t = -8 + q. Suppose 321 = 5*l - k, k + 25 = 4*l - 231. What is the remainder when l is divided by t?
14
Suppose -2*i = 2*l, 7*i + 2 = 2*i - 3*l. Suppose -2*x - 76 = -6*x. Calculate the remainder when x is divided by 0 + i - (-12 + 1).
9
Suppose 128 - 11 = 3*m. What is the remainder when m is divided by 11?
6
Suppose 0 = 4*p - 3*o + 1, p + 5*o - 9 = 8. Suppose -g = 5*w + 20, -w = p*g - 5 - 0. Suppose -g*h + 40 = -0*h. Calculate the remainder when 23 is divided by h.
7
Suppose 3*h - t - 13 = 4, 0 = 3*h + 3*t - 9. Calculate the remainder when 8 is divided by h.
3
Suppose -4*t - a + 3*a = -382, 4*a + 20 = 0. What is the remainder when t is divided by 24?
21
Suppose -2*i - 5*n + 49 = 0, -2*n + 63 = 4*i + n. Suppose -4*p = -p + i, 5*u - 2 = -2*p. What is the remainder when 2 is divided by u?
0
Suppose 5*i = 4*r + 4, 3*r + 3*i - 27 = -3. Suppose -p + 4*k + 18 = 4*p, p + k = 9. What is the remainder when p is divided by r?
2
Let g(s) = -11*s + 5. Let n(i) = 11*i - 5. Let m(q) = -7*g(q) - 6*n(q). What is the remainder when m(5) is divided by (-87)/(-5) - 2/5?
16
Let a = 56 - 36. Suppose -28 = 2*h - 9*h. Suppose -66 = -2*t - h*t. Calculate the remainder when a is divided by t.
9
Suppose -5*d = -32 - 18. Calculate the remainder when ((-35)/(-15))/(2/24) is divided by d.
8
Let j(k) = k**2 + 11*k + 13. Let a be j(-10). What is the remainder when 32 is divided by 3*(-44)/(-36)*a?
10
Suppose 0 = 2*y - 4 - 0. Suppose 10 = -y*z + 44. What is the remainder when 32 is divided by z?
15
Let w = 18 - 11. What is the remainder when (((-81)/12)/(-3))/(1/8) is divided by w?
4
Suppose 3*z + 264 = 3*m, 3*m - 16 = -2*z + 233. What is the remainder when m is divided by 11?
8
Suppose -3*q = -33 - 102. Suppose -18 - 6 = -2*w. What is the remainder when q is divided by w?
9
Let h be (3 - 0)*-1 - 1. Let z be (2/8)/((-1)/h). Let m = z - -16. Calculate the remainder when m is divided by 6.
5
Suppose 4*u = 5*u - 52. What is the remainder when u is divided by 11?
8
Let v be 10/35 - 12/(-7). Suppose -30 = -y - v*y. What is the remainder when 17 is divided by y?
7
Suppose -u + 6 = -3. Suppose 250 = 3*k - k. Suppose -4*o = -9*o + k. Calculate the remainder when o is divided by u.
7
Let u = 14 - 10. Let a(i) = i**2 - 2*i. Calculate the remainder when 15 is divided by a(u).
7
Suppose l = 5*l - 36. What is the remainder when l is divided by 4?
1
Let b = -13 + 70. Let j(f) = -4*f - 5. Calculate the remainder when b is divided by j(-5).
12
Let g = 1 + 45. What is the remainder when g is divided by 24?
22
Let v be (-119)/(-4) - (-1)/4. Let u = 196 - 85. Suppose -3*y + u = v. What is the remainder when y is divided by 14?
13
Suppose 6*r - 2*r - 2*k - 38 = 0, 3*k + 49 = 5*r. Let m(y) = -y**2 - y + 14. Cal